. Suppose 17 + 3 = 4*l. What is c(l)?
1
Let r(d) = -15*d**3 + 7*d - 5. Let s(k) = -23*k**3 + 11*k - 8. Let i(w) = 8*r(w) - 5*s(w). Give i(1).
-4
Let o(n) = n**2 + n + 8. Let c(d) = -d + 7. Let p be c(7). What is o(p)?
8
Suppose 74 - 62 = -6*h. Let w(l) = 2*l**2 + 4*l + 3. Determine w(h).
3
Let o = -59 - -64. Let r(s) = 2*s**3 - 10*s**2 + 3*s + 11. Let y(k) = -k**3 + 5*k**2 - k - 5. Let j(t) = 2*r(t) + 5*y(t). Determine j(o).
2
Let g(r) = -6*r**3 + 3*r**2 + 12*r - 4. Let a(n) = 7*n**3 - 3*n**2 - 13*n + 5. Let f(b) = 5*a(b) + 6*g(b). Suppose -2*k + 20 = 10. Give f(k).
-14
Let f(t) be the second derivative of t**4/12 - t**3/6 - t**2/2 - 24*t. Give f(-1).
1
Suppose 5*l - 2*s + 3 = -2, -3*l - 3*s = -18. Let a(f) = -f. Let w be a(-1). Suppose 2*c - w = l. Let d(r) = r**3 + r**2. What is d(c)?
2
Let f(p) = -p + 13. Let r be -36 + 38 + 4*(-2)/(-2). Give f(r).
7
Let d(q) = -2*q - 4. Let g be 8*((-5)/(-4) - 2). Let p = g - -3. Calculate d(p).
2
Suppose -5*w = 3*j - 10, 2*w + 17 = 5*j - 2*j. Let n(v) = v + 1. Let k(b) = -b**3 + 5*b**2 + 3*b + 2. Let o = -9 - -6. Let q(s) = o*n(s) + k(s). Give q(j).
-1
Suppose 0 = -0*k + 5*k - 20. Let c(o) = -o**3 + 3*o**2 + o + 1. Let l be c(3). Let p(j) = 3*j - k*j + l*j. Give p(3).
9
Let w(p) be the second derivative of p**4/12 - 5*p**3/6 + 7*p**2/2 - 7*p. Give w(6).
13
Let j(r) be the third derivative of 0*r + 0*r**5 - 1/3*r**3 + 1/120*r**6 - 1/8*r**4 + 0 - r**2. Suppose -5*s - 11 + 1 = 0. Give j(s).
-4
Let t(p) = p**3 - 6*p**2 - 5*p. Let l(a) = 2*a**3 - 11*a**2 - 9*a - 1. Let c(g) = -4*l(g) + 7*t(g). Suppose 7*v - 12*v = -15. What is c(v)?
-2
Let y(g) = g + 8. Let z be y(-6). Let x(d) = 5*d**z + 0*d - d + d**2 - 7*d**2 - 6. What is x(0)?
-6
Suppose w + w - 2*c = 0, 3*w + 5*c + 8 = 0. Let h be -2 - (-5 + 2) - w. Let v(b) be the first derivative of -b**2/2 + 4*b - 1. Calculate v(h).
2
Let z(q) be the first derivative of q**2/2 + 2*q + 3. Suppose -2 = o - 0. Let n be 112/(-18) - o/9. What is z(n)?
-4
Let s = 20 + -17. Let g(k) = 8*k**3 + 3*k**2 + k - 3. Let h(z) = -9*z**3 - 4*z**2 - z + 4. Let c(a) = s*g(a) + 2*h(a). Give c(1).
7
Let y = 3 - 9. Let r(l) be the second derivative of -l**4/12 - 5*l**3/6 + 4*l**2 - 25*l. Calculate r(y).
2
Let k(o) be the third derivative of -o**6/120 - o**4/24 - o**3/2 - 4*o**2. Determine k(0).
-3
Let p(b) be the first derivative of 2 + 1/4*b**4 + 0*b**2 - b + b**3. Let q be p(-2). Let t(w) = w - 4. What is t(q)?
-1
Let m(c) = -c - 1. Suppose -6 = -3*z + 6*z. Let u be m(z). Let w(v) = -2 - 3 - v - 1 - u. What is w(0)?
-7
Let n = -5 - 2. Let h(l) = l**3 - 4*l + 1. Let z(t) = 3*t**3 - t**2 - 13*t + 4. Let r(w) = n*h(w) + 2*z(w). Calculate r(-2).
-3
Suppose 63*a - 12 = 60*a. Let r(o) = -o - 2. Let b(u) = -3*u - 6. Let v(w) = 2*b(w) - 7*r(w). Determine v(a).
6
Let o(z) = -z**3 - 5*z**2 + 2*z + 4. Suppose b + 1 = -4. Let x = -10 - b. Let n be o(x). Let d(s) = -s**3 - 7*s**2 - 7*s - 6. Determine d(n).
0
Let f(a) = 6*a**2 + 3*a. Suppose -r = 3 + 2. Let s(o) = o**2 + o. Let b(u) = r*s(u) + f(u). Determine b(4).
8
Suppose -2*r + 4*r = 0. Let h(k) be the first derivative of -k**4/4 - k**3/3 + k**2/2 - 2*k - 3. Determine h(r).
-2
Suppose 3*k + 2 + 1 = 0. Let o(a) = a**3. Let n(c) = 4*c**3 - 6*c**2 + 4*c + 1. Let w(d) = k*n(d) + 3*o(d). Suppose -u + 6 - 1 = 0. What is w(u)?
4
Let v(b) be the third derivative of b**2 + 1/3*b**3 + 0 + 0*b + 1/60*b**5 + 1/24*b**4. Let y = -9 + 6. Determine v(y).
8
Let a(y) = 13*y + 59. Let b(w) = 3*w + 15. Let d(n) = -2*a(n) + 9*b(n). Let k be d(-14). Let z(m) = m - 7. Determine z(k).
-4
Suppose -r + 20 = 3*r. Let m(x) = -r - 5*x + 2*x + 4*x - 2*x. What is m(-5)?
0
Let m(c) = 8*c**2 + 1. Let o(j) be the third derivative of j**4/24 - j**3/3 - 6*j**2. Let x be o(1). Determine m(x).
9
Let a be 20/70 + 75/7. Let v(b) = -b**2 + 10*b + 9. Give v(a).
-2
Let c = -19 + 14. Let k = c + -1. Let z(b) = -b - 5. Calculate z(k).
1
Let a(c) be the first derivative of 13*c**3/3 + c**2/2 - c - 2. Let l = 20 - 19. Determine a(l).
13
Suppose 0 = -2*r - 3*u - 8, -4*r + 2*u = -0*u + 32. Let d(v) = v**2 + 7*v - 6. Calculate d(r).
-6
Let w(q) = -2*q - 1. Suppose 0*k - 72 = -3*d - 5*k, -d = 2*k - 25. Suppose 0 = -4*t - 3*x - d, 2*x = -3*t - 14. What is w(t)?
7
Let t(p) = 5*p + p**2 - 82*p**3 + 81*p**3 + 5 - 4*p**2. Give t(-4).
1
Let w(m) = -8*m**2 - 1. Let f be (-2)/4*(-1 + -1). Determine w(f).
-9
Suppose 2*j - 15 + 3 = -2*g, -3*j - 4*g = -16. Let b(o) = o**3 - 7*o**2 - 9*o + 7. Give b(j).
-1
Let k = -43 + 21. Let r = -19 - k. Let x(n) = -n**2 + n + 1. Calculate x(r).
-5
Let x(r) be the first derivative of -r**3/3 + r**2 + 4*r - 20. Determine x(3).
1
Let u(m) = -m + 5. Let x be u(-5). Let i = -7 + x. Let g(y) = y + 4. What is g(i)?
7
Let p = -8 + 10. Suppose 0*b - p*b = -2. Let t(o) = -2*o**2 + 2*o + 0*o**2 - 3 - 2*o**3 + 2. Determine t(b).
-3
Let s(y) = y**3 - 4*y**2 - 5*y + 3. Let k(j) = -5*j**3. Let a be k(-1). Determine s(a).
3
Let h = 6 + 1. Let i = h - 8. Let x(g) = 2*g - 1. What is x(i)?
-3
Let r(d) = -d**2 + 6*d + 1. Suppose -z = -0*z - 2. Suppose -2*s - 13 = -3*s - z*y, -4 = -4*s + 4*y. Determine r(s).
6
Suppose -6*u + 62 = 26. Let y(h) = -1 + 3*h - 2 - h**2 + 2*h. Calculate y(u).
-9
Let i(x) = -5*x**2 - 5*x - 1. Let f(p) = 4*p**2 + 4*p. Let j(w) = -4*f(w) - 3*i(w). Let y be j(0). Let m(g) = 4*g - 4 - g**2 + 0*g**2 - g. Calculate m(y).
-4
Let k(d) be the first derivative of -2*d**3/3 + d + 20. Give k(2).
-7
Let i(u) be the second derivative of -u**3/6 + 2*u**2 + 5*u. Calculate i(4).
0
Let a(u) = -u - 3. Let f = 30 + -24. Give a(f).
-9
Let r(v) = -4*v - 5. Let j = -27 - -47. Suppose -j = -8*d + 4*d. Let i(h) = -5*h - 6. Let p(x) = d*i(x) - 6*r(x). Determine p(-2).
2
Let w(f) = 4 - f**2 + 1 + 0*f**2 - 2 - f. Let m(t) = 6*t**2 + 4*t - 16. Let j(h) = -2*m(h) - 11*w(h). Give j(2).
1
Suppose 0 = 3*z, 3*z - 3 = -f - 0. Let w(x) = -2*x**3 - 3*x**3 + 3*x**f. Suppose r - 4*j = 1, -2*r + 3*j + 2 = -j. What is w(r)?
-2
Let m(y) = -2*y**2 + y + 2. Suppose -2*i + 12 = -4*d, 3*d - 5*i - 1 = -10. Let o = 1 - 2. Let r = o - d. Determine m(r).
-4
Let x(g) = -6*g + 2. Let j(f) = -5*f + 1. Let r(k) = -7*j(k) + 6*x(k). Let a(d) = d + 8. Let b be a(-6). Let o = 2 - b. Determine r(o).
5
Let l(y) = y**3 - 7*y**2 + y - 8. Let r = 35 - 28. Calculate l(r).
-1
Let w(d) be the first derivative of d**3/3 + 5*d**2 + 12*d + 7. Calculate w(-8).
-4
Let o(s) = 2*s**3 - 1. Let b be (9 + -17)*1/(-2) - 6. Give o(b).
-17
Let z = 282 + -281. Suppose -11 = -5*d + 2*m, -d - 4*d + 3*m = -9. Let i(s) = 4 + s**2 - d - 9*s**2 - s. Give i(z).
-8
Let q(f) = -14*f - f**2 + 9*f + 5*f - 6. Give q(0).
-6
Let t(r) = -6*r - 1. Let o be t(-1). Suppose 3*l = 2*n + 4*l + 5, 2*n + 9 = -o*l. Let f(w) be the second derivative of w**4/6 - w**2/2 - w. What is f(n)?
7
Let m(o) = -10*o**3 + o**2 - 1. Let l be 4/(-16) - (-10)/8. What is m(l)?
-10
Let o(s) = 6*s - 1. Let b(p) = 11*p - 3. Let x(h) = 3*b(h) - 5*o(h). Let l = 12 + -7. Determine x(l).
11
Let q = -12 - -24. Suppose 0*u - 4*u + q = 0. Let i(m) be the second derivative of -m**4/12 + 2*m**3/3 - 2*m**2 + m. Determine i(u).
-1
Let g(u) = u**2 + 2*u - 2. Let w(q) = 3*q**2 + 6*q - 7. Let x(a) = 11*g(a) - 4*w(a). Calculate x(-5).
-9
Let y(j) be the second derivative of j**5/20 - j**4/12 - j**3/6 - 7*j**2/2 + 21*j. What is y(0)?
-7
Suppose 1 = 3*q - 11. Let c(d) be the third derivative of 0*d + 0 - 1/120*d**6 + 1/24*d**4 + 0*d**5 - q*d**2 + d**3. Give c(0).
6
Let w be (-12)/(-8)*12/27. Let k(d) be the third derivative of d**2 + 0*d - w*d**3 + 1/8*d**4 + 1/60*d**5 + 0. Give k(-5).
6
Let h(f) = f**3 + f**2 - f + 1. Let w(r) = 2*r**2. Let y(b) = -h(b) + w(b). Give y(0).
-1
Suppose k = 3*k - 2*n - 14, 2*n - 58 = -4*k. Suppose -h = h + k. Let c = h + 4. Let d(t) = -3*t + 2. Calculate d(c).
8
Let t(b) = 7*b**3 + 8*b**2 - 4*b + 9. Let r(p) = -6*p**3 - 7*p**2 + 3*p - 8. Let w(y) = -6*r(y) - 5*t(y). Give w(-2).
-1
Let d(p) = p**3 - 2*p**2 - p - 3. Let b = 10 + -7. Let u be d(b). Let x(l) = -l**u - 7*l - 3*l**2 - 3 + 2 + 6*l. Give x(-3).
2
Let d(a) = -167 + 83 + 86 + 2*a. What is d(-7)?
-12
Let w(v) = -2*v**3 - 9*v**2 + 4*v + 10. Let c(z) = 5*z**3 + 26*z**2 - 12*z - 29. Let t(b) = 3*c(b) + 8*w(b). Give t(5).
-2
Let l(d) = -1 + 269*d - 267*d + 2. Give l(-4).
-7
Suppose -a + 24 = 3*m, -m + 10 = a - 0*a. Su